{"id":2263,"date":"2021-09-17T17:25:34","date_gmt":"2021-09-17T20:25:34","guid":{"rendered":"http:\/\/sesmadeiras.com.br\/?page_id=2263"},"modified":"2024-03-06T16:02:16","modified_gmt":"2024-03-06T19:02:16","slug":"portfolio-2","status":"publish","type":"page","link":"https:\/\/sesmadeiras.com.br\/?page_id=2263","title":{"rendered":"Portf\u00f3lio"},"content":{"rendered":"<p>[vc_row full_width=&#8221;stretch_row&#8221; css=&#8221;.vc_custom_1631910301885{padding-top: 70px !important;padding-bottom: 90px !important;}&#8221;][vc_column][vc_custom_heading text=&#8221;GALERIA DE FOTOS&#8221; font_container=&#8221;tag:h3|font_size:55px|text_align:center|line_height:59px&#8221; use_theme_fonts=&#8221;yes&#8221; el_class=&#8221;titulo&#8221;][vc_column_text]<\/p>\n<p style=\"text-align: justify;\">Bem-vindo ao portf\u00f3lio da <a href=\"https:\/\/sesmadeiras.com.br\/\">SES Madeiras<\/a>, onde a nossa paix\u00e3o pela madeira \u00e9 o alicerce de nossos servi\u00e7os excepcionais. H\u00e1 anos, temos sido a escolha preferida de clientes que buscam qualidade, confiabilidade e orienta\u00e7\u00e3o especializada para seus projetos em madeira. A <a href=\"https:\/\/web.whatsapp.com\/send?l=pt_br&amp;phone=5541999712506&amp;text=\" target=\"_blank\" rel=\"noopener\">nossa equipe<\/a> experiente est\u00e1 \u00e0 disposi\u00e7\u00e3o para orientar voc\u00ea na melhor escolha para as suas necessidades. Comprometemo-nos a oferecer produtos e servi\u00e7os da mais alta qualidade, priorizando a seguran\u00e7a e a responsabilidade social e ambiental. Trabalhamos exclusivamente com madeiras devidamente regularizadas, garantindo que cada projeto seja conduzido com \u00e9tica e cuidado com o meio ambiente.<\/p>\n<p>[\/vc_column_text][vc_custom_heading text=&#8221;Confira o Nosso Portf\u00f3lio&#8221; font_container=&#8221;tag:h2|text_align:center&#8221; google_fonts=&#8221;font_family:Montserrat%3Aregular%2C700|font_style:700%20bold%20regular%3A700%3Anormal&#8221;][vc_column_text]<\/p>\n<p style=\"text-align: justify;\">Acreditamos que a qualidade est\u00e1 no cora\u00e7\u00e3o de tudo o que fazemos. Desde a sele\u00e7\u00e3o das melhores madeiras at\u00e9 o nosso padr\u00e3o de trabalho e atendimento baseados em valores, tradi\u00e7\u00e3o, capacidade e qualidade, nos esfor\u00e7amos para superar as expectativas de nossos clientes. Nosso objetivo \u00e9 estabelecer rela\u00e7\u00f5es duradouras de parceria e proporcionar \u00f3timos neg\u00f3cios. Se voc\u00ea est\u00e1 buscando projetos de portas de madeira personalizados em Curitiba, pode contar conosco. Garantimos seguran\u00e7a, seriedade, qualidade e pre\u00e7os competitivos em cada projeto. As nossas portas de madeira s\u00e3o mais do que apenas uma entrada, s\u00e3o um convite para uma experi\u00eancia \u00fanica.<\/p>\n<p style=\"text-align: justify;\">Quanto aos decks de madeira, oferecemos produtos de alta qualidade e resist\u00eancia. Seja para criar um ambiente sofisticado e aconchegante ou para enfrentar as intemp\u00e9ries do tempo, os nossos decks s\u00e3o a escolha ideal. Eles s\u00e3o antiderrapantes, antit\u00e9rmicos e adapt\u00e1veis a diferentes projetos. Al\u00e9m disso, oferecemos batentes e guarni\u00e7\u00f5es de alta qualidade para um acabamento perfeito das portas. Com resist\u00eancia \u00e0 umidade e durabilidade, nossos produtos garantem tanto a seguran\u00e7a quanto a est\u00e9tica que voc\u00ea busca.<\/p>\n<p style=\"text-align: justify;\">A <a href=\"https:\/\/sesmadeiras.com.br\/\">SES Madeiras<\/a> \u00e9 a escolha certa para quem valoriza a qualidade e a excel\u00eancia em produtos de madeira. Junte-se a n\u00f3s e descubra como podemos tornar o seu projeto em realidade, com beleza e durabilidade inigual\u00e1veis.<\/p>\n<p>[\/vc_column_text][vc_media_grid element_width=&#8221;3&#8243; item=&#8221;mediaGrid_FadeInWithIcon&#8221; grid_id=&#8221;vc_gid:1709751679077-1d58263c-0041-3&#8243; include=&#8221;2264,2265,2266,2267,2268,2269,2271,2272,2273,2274,2275,2276,2277,2278,2279,2280,2281,2282,2283,2284,2285,2286,2287,2288,2289,2290,2292,2293,2296,2297&#8243;][\/vc_column][\/vc_row][vc_row full_width=&#8221;stretch_row&#8221; css=&#8221;.vc_custom_1589293256069{margin-bottom: 0px !important;padding-top: 19px !important;padding-bottom: 20px !important;}&#8221; el_class=&#8221;third_bg_color barra&#8221;][vc_column][vc_cta h2=&#8221;PORTAS DE MADEIRA EM CURITIBA&#8221; h2_font_container=&#8221;font_size:25px|color:%23ffffff|line_height:29px&#8221; h2_use_theme_fonts=&#8221;yes&#8221; shape=&#8221;square&#8221; style=&#8221;flat&#8221; add_button=&#8221;right&#8221; btn_title=&#8221;FA\u00c7A SEU OR\u00c7AMENTO&#8221; btn_style=&#8221;flat&#8221; btn_shape=&#8221;round&#8221; btn_color=&#8221;theme_style_2&#8243; btn_align=&#8221;right&#8221; btn_i_icon_fontawesome=&#8221;stm-delhi-chevron-right&#8221; use_custom_fonts_h2=&#8221;true&#8221; btn_button_block=&#8221;true&#8221; btn_add_icon=&#8221;true&#8221; btn_link=&#8221;url:http%3A%2F%2Fsesmadeiras.com.br%2Fcontato%2F|title:Contato||&#8221; el_class=&#8221;third_bg_color&#8221; css=&#8221;.vc_custom_1631896637526{margin-bottom: 0px !important;}&#8221;]<span style=\"color: #ffffff;\">Entre em contato com nosso canal de atendimento e tire suas d\u00favidas.<\/span>[\/vc_cta][\/vc_column][\/vc_row]<\/p>\n","protected":false},"excerpt":{"rendered":"<p>[vc_row full_width=&#8221;stretch_row&#8221; css=&#8221;.vc_custom_1631910301885{padding-top: 70px !important;padding-bottom: 90px !important;}&#8221;][vc_column][vc_custom_heading text=&#8221;GALERIA DE FOTOS&#8221; font_container=&#8221;tag:h3|font_size:55px|text_align:center|line_height:59px&#8221; use_theme_fonts=&#8221;yes&#8221; el_class=&#8221;titulo&#8221;][vc_column_text] Bem-vindo ao portf\u00f3lio da SES Madeiras, onde a nossa paix\u00e3o pela madeira \u00e9 o alicerce de nossos servi\u00e7os excepcionais. H\u00e1 anos, temos sido a escolha preferida de clientes que buscam qualidade, confiabilidade e orienta\u00e7\u00e3o especializada para seus projetos em madeira. A nossa<\/p>\n","protected":false},"author":4,"featured_media":2477,"parent":0,"menu_order":0,"comment_status":"closed","ping_status":"closed","template":"","meta":{"footnotes":""},"_links":{"self":[{"href":"https:\/\/sesmadeiras.com.br\/index.php?rest_route=\/wp\/v2\/pages\/2263"}],"collection":[{"href":"https:\/\/sesmadeiras.com.br\/index.php?rest_route=\/wp\/v2\/pages"}],"about":[{"href":"https:\/\/sesmadeiras.com.br\/index.php?rest_route=\/wp\/v2\/types\/page"}],"author":[{"embeddable":true,"href":"https:\/\/sesmadeiras.com.br\/index.php?rest_route=\/wp\/v2\/users\/4"}],"replies":[{"embeddable":true,"href":"https:\/\/sesmadeiras.com.br\/index.php?rest_route=%2Fwp%2Fv2%2Fcomments&post=2263"}],"version-history":[{"count":8,"href":"https:\/\/sesmadeiras.com.br\/index.php?rest_route=\/wp\/v2\/pages\/2263\/revisions"}],"predecessor-version":[{"id":2608,"href":"https:\/\/sesmadeiras.com.br\/index.php?rest_route=\/wp\/v2\/pages\/2263\/revisions\/2608"}],"wp:featuredmedia":[{"embeddable":true,"href":"https:\/\/sesmadeiras.com.br\/index.php?rest_route=\/wp\/v2\/media\/2477"}],"wp:attachment":[{"href":"https:\/\/sesmadeiras.com.br\/index.php?rest_route=%2Fwp%2Fv2%2Fmedia&parent=2263"}],"curies":[{"name":"wp","href":"https:\/\/api.w.org\/{rel}","templated":true}]}}